{"id":73,"date":"2020-09-11T17:22:15","date_gmt":"2020-09-11T17:22:15","guid":{"rendered":"http:\/\/klbtheme.com\/medibazar\/?post_type=product&#038;p=73"},"modified":"2023-06-22T05:17:31","modified_gmt":"2023-06-22T02:17:31","slug":"kucuk-duz-kesim-panosu","status":"publish","type":"product","link":"https:\/\/ferhome.com.tr\/index.php\/product\/kucuk-duz-kesim-panosu\/","title":{"rendered":"K\u00fc\u00e7\u00fck D\u00fcz Kesim Panosu"},"content":{"rendered":"","protected":false},"excerpt":{"rendered":"","protected":false},"featured_media":707,"comment_status":"open","ping_status":"closed","template":"","meta":[],"product_cat":[51,54],"product_tag":[],"class_list":["post-73","product","type-product","status-publish","has-post-thumbnail","hentry","product_cat-ferhome-kesim-panolari","product_cat-ferhome-mutfak-urunleri"],"_links":{"self":[{"href":"https:\/\/ferhome.com.tr\/index.php\/wp-json\/wp\/v2\/product\/73","targetHints":{"allow":["GET"]}}],"collection":[{"href":"https:\/\/ferhome.com.tr\/index.php\/wp-json\/wp\/v2\/product"}],"about":[{"href":"https:\/\/ferhome.com.tr\/index.php\/wp-json\/wp\/v2\/types\/product"}],"replies":[{"embeddable":true,"href":"https:\/\/ferhome.com.tr\/index.php\/wp-json\/wp\/v2\/comments?post=73"}],"wp:featuredmedia":[{"embeddable":true,"href":"https:\/\/ferhome.com.tr\/index.php\/wp-json\/wp\/v2\/media\/707"}],"wp:attachment":[{"href":"https:\/\/ferhome.com.tr\/index.php\/wp-json\/wp\/v2\/media?parent=73"}],"wp:term":[{"taxonomy":"product_cat","embeddable":true,"href":"https:\/\/ferhome.com.tr\/index.php\/wp-json\/wp\/v2\/product_cat?post=73"},{"taxonomy":"product_tag","embeddable":true,"href":"https:\/\/ferhome.com.tr\/index.php\/wp-json\/wp\/v2\/product_tag?post=73"}],"curies":[{"name":"wp","href":"https:\/\/api.w.org\/{rel}","templated":true}]}}